 54. Give n(-5).
-24
Let y(v) = -2*v**3 + 5*v**2 - 8*v - 4. What is y(5)?
-169
Let a(t) = -2*t**3 + 4*t**2 + 51*t - 112. Calculate a(2).
-10
Let o(c) = -1320*c + 10635. Determine o(8).
75
Let p(o) = o**2 + 45*o + 509. Determine p(-21).
5
Let n(c) = 7*c - 100. Determine n(7).
-51
Let c(j) = -j**2 + 76*j + 3599. Give c(109).
2
Let t(w) = -w**3 + 6*w**2 - 8*w - 4. Determine t(5).
-19
Let x(j) = -j**2 - 19*j + 234. Give x(-30).
-96
Let o(i) = -5*i**2 - 22*i + 48. What is o(2)?
-16
Let c(w) = 4*w**2 - 110*w + 310. Determine c(3).
16
Let h(u) = -20*u**3 - 2*u**2 - 72*u - 214. Calculate h(-3).
524
Let a(z) = 25*z**3 + 17*z**2 + 34*z - 5. Determine a(-2).
-205
Let l(s) = 19*s**2 + 100*s - 110. Calculate l(1).
9
Let a(d) = -27*d + 204. Determine a(0).
204
Let w(q) = 51*q**2 + q - 15. Calculate w(-2).
187
Let f(q) = 3*q**2 - 15*q + 5. Give f(1).
-7
Let m(o) = -3*o**3 + 25*o**2 + 26*o - 30. Give m(9).
42
Let a(g) = -6*g + 26. Calculate a(-4).
50
Let x(t) = -7*t + 202. What is x(25)?
27
Let v(z) = 38*z**2 + 49*z + 99. Give v(-2).
153
Let f(i) = -129*i - 780. Calculate f(-6).
-6
Let i(j) = 4*j**2 - 386*j - 341. What is i(98)?
247
Let x(f) = -59*f - 675. Calculate x(-12).
33
Let s(o) = -o**2 - 25*o - 113. What is s(-7)?
13
Let g(x) = -2*x**3 + 25*x**2 + 154*x - 7. Determine g(17).
10
Let x(v) = -v**3 - 47*v**2 - 392*v. Calculate x(-11).
-44
Let t(j) = -3864*j + 50233. Calculate t(13).
1
Let m(j) = -j**2 + 76*j - 722. What is m(11)?
-7
Let a(y) = -y**3 - 33*y**2 - 22*y - 3226. Give a(-35).
-6
Let g(a) = a**3 + 3*a**2 + 13*a + 17. Determine g(-3).
-22
Let c(h) = -h**2 - 12*h + 116. Calculate c(7).
-17
Let t(r) = -r - 396. Determine t(27).
-423
Let h(i) = -i**2 + 7*i + 3. Determine h(3).
15
Let y(i) = -i**3 + 5*i**2 + 12*i - 101. Determine y(5).
-41
Let x(t) = -4*t**2 - 6526*t + 19573. Calculate x(3).
-41
Let x(f) = 18*f**2 - 92*f - 6. Determine x(5).
-16
Let m(h) = -h**3 + 72*h**2 - 618*h - 107. What is m(62)?
17
Let n(g) = 63*g + 85. What is n(2)?
211
Let y(z) = 14*z + 172. Calculate y(-13).
-10
Let w(a) = 27*a + 402. Give w(-7).
213
Let l(j) = j**3 - 12*j**2 - 20*j - 10. Give l(13).
-101
Let f(v) = -29*v - 610. What is f(-20)?
-30
Let q(i) = -i**2 + 76*i - 586. Determine q(9).
17
Let g(j) = j**3 + 55*j**2 + 53*j - 55. Determine g(-54).
-1
Let d(n) = -8*n + 23. What is d(15)?
-97
Let w(m) = 2*m**3 - 40*m**2 - 139*m + 41. Determine w(23).
18
Let y(v) = -v**3 + 3*v**2 + 34*v - 27. Give y(7).
15
Let j(k) = 46*k + 70. Calculate j(-14).
-574
Let u(i) = 93*i - 598. Determine u(6).
-40
Let u(x) = x**2 - 28*x + 205. Calculate u(15).
10
Let u(m) = -2118*m - 55072. What is u(-26)?
-4
Let w(d) = 5*d**3 - 69*d**2 + 27*d - 565. What is w(14)?
9
Let y(t) = -t**2 + 43*t + 82. What is y(48)?
-158
Let f(h) = -h**2 + 35*h + 39096. Determine f(-181).
0
Let j(x) = 50*x + 1344. Determine j(-25).
94
Let j(y) = -51*y**2 + 347*y + 51. What is j(7)?
-19
Let n(c) = -c**3 - 15*c**2 + 876*c + 13749. Determine n(-16).
-11
Let t(r) = -61*r - 5526. Determine t(-91).
25
Let l(y) = -2*y**3 - 15*y**2 - 22. What is l(-9)?
221
Let g(v) = 724*v - 15927. Give g(22).
1
Let n(m) = m**2 - 186*m + 5848. What is n(146)?
8
Let f(k) = 21*k + 106. Give f(-6).
-20
Let r(v) = -v**2 + 227*v + 3890. Calculate r(-16).
2
Let g(d) = 45*d + 43. Calculate g(0).
43
Let r(d) = 3*d**3 + 5*d**2 + 5*d. Give r(-3).
-51
Let t(x) = -20*x**2 - 2*x + 8. Give t(2).
-76
Let d(u) = 3*u**3 - 7*u**2 + 20*u + 1. Calculate d(-4).
-383
Let c(u) = -11*u**2 + 98*u - 207. Calculate c(4).
9
Let k(q) = -q**2 + 62*q + 2851. What is k(-31)?
-32
Let k(b) = -b**3 - 99*b**2 - 189*b + 399. Give k(-97).
-86
Let d(y) = 86*y - 314. What is d(5)?
116
Let x(g) = -g**3 - 66*g**2 + 134*g - 92. Determine x(-68).
44
Let j(z) = 99*z + 4509. Give j(-44).
153
Let n(c) = c**3 - 6*c**2 - c + 7. Determine n(6).
1
Let m(u) = -36*u + 1187. Calculate m(46).
-469
Let q(a) = -274*a - 1471. Give q(-6).
173
Let q(z) = z**3 - 20*z**2 - 22*z + 64. Determine q(21).
43
Let n(h) = 8*h**2 + 62*h - 171. Give n(3).
87
Let x(o) = 98*o - 3385. What is x(35)?
45
Let d(z) = 510*z + 14611. What is d(-29)?
-179
Let q(p) = p**2 + 32*p - 1970. What is q(32)?
78
Let p(b) = -404*b - 3652. What is p(-9)?
-16
Let x(u) = 58*u**2 - 95*u - 94. Determine x(-1).
59
Let u(l) = l**3 + 25*l**2 - 215*l + 175. What is u(6)?
1
Let o(m) = m**3 - 13*m**2 + 6*m + 1. Calculate o(11).
-175
Let q(u) = -68*u + 583. Give q(9).
-29
Let j(f) = -2250*f + 11251. Calculate j(5).
1
Let y(x) = -x**2 - 29*x - 38. Determine y(-20).
142
Let x(g) = -126*g + 1635. Calculate x(13).
-3
Let r(c) = -48*c - 3559. Calculate r(-73).
-55
Let c(p) = p**3 - 50*p**2 - 103*p - 95. Determine c(52).
-43
Let s(p) = p**3 - 137*p**2 + 1018*p + 1801. Calculate s(129).
-5
Let k(r) = -r**2 + 9*r + 465. What is k(32)?
-271
Let k(r) = -r**3 + 58*r**2 - 172*r + 13. Determine k(3).
-8
Let u(h) = h**3 - 12*h**2 + 7*h - 35. Calculate u(13).
225
Let k(d) = d**2 + 204*d - 6960. What is k(30)?
60
Let q(l) = 10*l**2 + 16*l - 14. Calculate q(-2).
-6
Let t(p) = 8*p - 82. What is t(8)?
-18
Let l(k) = k**2 + 16*k + 66. Determine l(-5).
11
Let o(h) = h**3 + h**2 + 21*h - 339. Determine o(0).
-339
Let p(l) = -2*l**2 - 18*l + 371. Determine p(10).
-9
Let n(r) = 816*r - 5762. What is n(7)?
-50
Let q(v) = -v**3 + 20*v**2 - 16*v + 15. Determine q(19).
72
Let t(m) = m**3 - 69*m**2 - 369*m - 12. Calculate t(74).
62
Let p(l) = -2*l**2 + 15*l + 157. What is p(0)?
157
Let v(n) = 6*n**2 - 17*n - 19. Determine v(6).
95
Let c(h) = 20*h**2 - 382*h + 14. Determine c(19).
-24
Let k(g) = 79*g + 5274. What is k(-67)?
-19
Let p(a) = -a**3 + 5*a**2 + 10*a + 47. Calculate p(5).
97
Let q(j) = -4*j**2 + 50*j - 69. Determine q(11).
-3
Let a(l) = -l**2 + 143*l - 5075. What is a(67)?
17
Let q(x) = -156*x - 6741. Determine q(-43).
-33
Let m(y) = -55*y**2 - 161*y + 329. Give m(2).
-213
Let n(z) = 8*z**2 + 535*z - 67. Calculate n(-67).
0
Let f(c) = -461*c**3 - c**2 - 9*c - 9. Give f(-1).
460
Let l(t) = -11*t + 93. Determine l(9).
-6
Let n(t) = 2*t**3 + 14*t**2 - 44*t - 345. Give n(-7).
-37
Let l(m) = m**2 + 43*m - 226. Calculate l(-44).
-182
Let i(m) = -21*m**2 - 35*m - 92. Give i(-5).
-442
Let v(h) = 2*h**2 - 50*h + 48. Calculate v(24).
0
Let j(z) = -173*z - 19025. Calculate j(-110).
5
Let g(c) = -c**3 - 9*c**2 + 20*c + 15. Give g(-12).
207
Let b(q) = -4*q**2 + 2*q + 74. Calculate b(-6).
-82
Let x(y) = -2*y**3 + 71*y**2 + 1137*y - 30. What is x(-12)?
6
Let j(u) = u**3 + 8*u**2 + 7*u + 39. Calculate j(-8).
-17
Let f(k) = 18*k**3 - 8*k + 13. Calculate f(-4).
-1107
Let o(h) = 3*h**2 + 118*h - 650. What is o(-44)?
-34
Let b(i) = 52*i - 156. Calculate b(3).
0
Let g(q) = -q**3 + 108*q**2 - 583*q - 2952. Calculate g(102).
6
Let z(t) = -513*t + 5138. Determine z(10).
8
Let j(o) = o**3 + 8*o**2 + 5*o - 22. Determine j(-8).
-62
Let d(w) = w**2 - 4*w + 12. Calculate d(20).
332
Let f(u) = u**3 - 6*u**2 + 23*u + 26. Give f(6).
164
Let y(q) = q**2 - 7*q - 84. Calculate y(-6).
-6
Let m(v) = v**3 + 15*v**2 + 5*v + 34. Calculate m(-15).
-41
Let h(a) = -120*a + 7001. Give h(57).
161
Let k(z) = 22*z - 11. Give k(3).
55
Let h(v) = 2*v**2 - 71*v - 411. Give h(39).
-138
Let d(n) = -28*n - 1364. Determine d(-18).
-860
Let m(v) = -6*v**3 + 12*v**2 - 36*v + 87. What is m(3)?
-75
Let h(p) = -p**2 - 59*p - 795. What is h(-35)?
45
Let n(q) = 34*q + 3299. Calculate n(-97).
1
Let d(b) = 4*b**2 - 90*b + 728. Calculate d(9).
242
Let l(o) = o**2 - 476*o + 2820. What is l(6)?
0
Let o(t) = 109*t - 8500. What is o(77)?
-107
Let i(l) = 41*l - 111. Determine i(5).
94
Let y(o) = -o**2 - 20*o - 3. Calculate y(-15).
72
Let w(q) = q**3 - 3*q**2 - 67*q - 158. What is w(-4)?
-2
Let f(h) = -h**3 + 43*h**2 - 421*h + 13. Give f(15).
-2
Let r(q) = -4*q**2 + 2217*q - 2217. Give r(1).
-4
Let k(a) = 25*a**2 - 3*a - 7. Calculate k(-3).
227
Let f(y) = 2*y**2 + 846*y + 4190. Give f(-5).
10
Let a(c) = -c**2 + 87*c - 763. Determine a(10).
7
Let s(m) = 4*m**2 - 146*m + 582. Give s(32).
6
Let w(y) = -3358*y - 6740. Determine w(-2).
-24
Let q(t) = 1172*t + 16401. Give q(-14).
-7
Let o(w) = 14*w - 13. Determine o(-5).
-83
Let f(u) = 402*u + 12465. Calculate f(-31).
3
Let x(v) = -150*v - 6579. Determine x(-44).
21
Let z(s) = 3*s**3 - 2*s**2 + 2*s - 3. What is z(-2)?
-39
Let w(a) = -3*a**2 - 69*a - 126. Calculate w(-2).
0
Let r(t